{"id":8188,"date":"2019-05-15T07:42:38","date_gmt":"2019-05-15T07:42:38","guid":{"rendered":"http:\/\/ninzio.com\/bauer\/?page_id=8188"},"modified":"2023-07-29T10:15:21","modified_gmt":"2023-07-29T07:15:21","slug":"ana-sayfa","status":"publish","type":"page","link":"https:\/\/ozkatransport.com\/","title":{"rendered":"Ana Sayfa"},"content":{"rendered":"<p>[vc_row][vc_column][rev_slider_vc alias=&#8221;slider-6&#8243;][\/vc_column][\/vc_row][vc_row css=&#8221;.vc_custom_1557802417323{background-image: url(http:\/\/ninzio.com\/bauer\/wp-content\/uploads\/2019\/05\/section-about.png?id=8046) !important;background-position: center !important;background-repeat: no-repeat !important;background-size: cover !important;}&#8221;][vc_column][vc_row_inner column_inner_spacing=&#8221;0px&#8221;][vc_column_inner width=&#8221;1\/3&#8243;]<div class=\"bauer-content-box clearfix \" data-padding=\"34px 30px 45px 30px\" data-mobipadding=\"34px 30px 45px 30px\" data-margin=\"-115px 0px 0px 0px\" data-mobimargin=\"-100px 0px 0px 0px\" >\r\n\t\t<div class=\"inner ctb-945486447\" style=\"\"  data-background=\"#ffffff\" data-rounded=\"5px 0px 0px 5px\" data-border-color=\"#e7e7e7\" data-border-width=\"1px\">\r\n\t\t\t<div class=\"bauer-icon-box clearfix icon-top align-center  simple\" style=\"\" ><div class=\"wrap-inner\" style=\"position: relative;\"><div class=\"bauer-icon icon-1101437701 accent custom\"  data-background=\"rgba(243,92,39,0.2)\">\r\n\t\t\t\t<span class=\"icon\" style=\"font-size:34px;width:70px;height:70px;border-style:solid;border-radius:40px;line-height:74px; box-shadow: 0px 0px 0px 5px rgba(243,92,39,0.1)\"><i class=\"bauerico-container\"><\/i><\/span>\r\n\t\t\t<\/div> <h3 class=\"heading \" style=\"font-weight:400;font-size:22px;line-height:35px;margin-top:26px;margin-bottom:13px;\">\r\n\t\t\t<span>Komple<br \/>\nTa\u015f\u0131ma Hizmeti<\/span>\r\n\t\t<\/h3><div class=\"desc\" style=\"\"><p><span>\u00a0Karayolu ta\u015f\u0131mac\u0131l\u0131\u011f\u0131 ile siz de\u011ferli m\u00fc\u015fterilerimizin yan\u0131nday\u0131z.<\/span><\/p>\n<\/div> <\/div><\/div>\r\n\t\t<\/div>\r\n\t<\/div>\r\n\t<div class=\"bauer-spacer clearfix\" data-desktop=\"0\" data-mobi=\"150\" data-smobi=\"150\"><\/div>[\/vc_column_inner][vc_column_inner width=&#8221;1\/3&#8243;]<div class=\"bauer-content-box clearfix \" data-padding=\"34px 30px 35px 30px\" data-mobipadding=\"34px 30px 35px 30px\" data-margin=\"-135px 0px 0px 0px\" data-mobimargin=\"-120px 0px 0px 0px\" >\r\n\t\t<div class=\"inner ctb-225206104 accent\" style=\"background-size:cover;\"  data-rounded=\"5px\">\r\n\t\t\t<div class=\"bauer-icon-box clearfix icon-top align-center  simple\" style=\"\" ><div class=\"wrap-inner\" style=\"position: relative;\"><div class=\"bauer-icon icon-901954891 custom custom\"  data-icon=\"#ffffff\" data-background=\"rgba(255,255,255,0.2)\">\r\n\t\t\t\t<span class=\"icon\" style=\"font-size:34px;width:70px;height:70px;border-style:solid;border-radius:40px;line-height:74px; box-shadow: 0px 0px 0px 5px rgba(255,255,255,0.1)\"><i class=\"bauerico-truck\"><\/i><\/span>\r\n\t\t\t<\/div> <h3 class=\"heading  white\" style=\"font-weight:400;color:#ffffff;font-size:22px;line-height:35px;margin-top:26px;margin-bottom:13px;\">\r\n\t\t\t<span>Parsiyel<br \/>\nTa\u015f\u0131ma Hizmeti<\/span>\r\n\t\t<\/h3><div class=\"desc\" style=\"color:#ffffff;margin-bottom:27px;\"><p><span>Parsiyel Ta\u015f\u0131ma Hizmeti \u0130le \u0130htiya\u00e7lar\u0131n\u0131za y\u00f6nelik \u00e7\u00f6z\u00fcmler sa\u011fl\u0131yoruz.<\/span><\/p>\n<\/div><div class=\"url-wrap\" style=\"\">\r\n\t\t\t<a target=\"_self\" class=\"bauer-links link-style-2\" href=\"#\" style=\"color:#ffffff;\">\r\n\t\t\t\t<span class=\"text\">Devam\u0131<\/span>\r\n\t\t\t<\/a>\r\n\t\t<\/div> <\/div><\/div>\r\n\t\t<\/div>\r\n\t<\/div>\r\n\t<div class=\"bauer-spacer clearfix\" data-desktop=\"0\" data-mobi=\"130\" data-smobi=\"130\"><\/div>[\/vc_column_inner][vc_column_inner width=&#8221;1\/3&#8243;]<div class=\"bauer-content-box clearfix \" data-padding=\"34px 30px 45px 30px\" data-mobipadding=\"34px 30px 45px 30px\" data-margin=\"-115px 0px 0px 0px\" data-mobimargin=\"-100px 0px 0px 0px\" >\r\n\t\t<div class=\"inner ctb-1935942332\" style=\"\"  data-background=\"#ffffff\" data-rounded=\"0px 5px 5px 0px\" data-border-color=\"#e7e7e7\" data-border-width=\"1px\">\r\n\t\t\t<div class=\"bauer-icon-box clearfix icon-top align-center  simple\" style=\"\" ><div class=\"wrap-inner\" style=\"position: relative;\"><div class=\"bauer-icon icon-1798089605 accent custom\"  data-background=\"rgba(243,92,39,0.2)\">\r\n\t\t\t\t<span class=\"icon\" style=\"font-size:34px;width:70px;height:70px;border-style:solid;border-radius:40px;line-height:74px; box-shadow: 0px 0px 0px 5px rgba(243,92,39,0.1)\"><i class=\"bauerico-container\"><\/i><\/span>\r\n\t\t\t<\/div> <h3 class=\"heading \" style=\"font-weight:400;font-size:22px;line-height:35px;margin-top:26px;margin-bottom:13px;\">\r\n\t\t\t<span>A\u00e7\u0131k Y\u00fck<br \/>\nTa\u015f\u0131ma Hizmeti<\/span>\r\n\t\t<\/h3><div class=\"desc\" style=\"\"><p><span>A\u00e7\u0131k y\u00fck ta\u015f\u0131mac\u0131l\u0131\u011f\u0131nda profesyonel ekibimizle hizmet sa\u011fl\u0131yoruz.<\/span><\/p>\n<\/div> <\/div><\/div>\r\n\t\t<\/div>\r\n\t<\/div>[\/vc_column_inner][\/vc_row_inner]\r\n\t<div class=\"bauer-spacer clearfix\" data-desktop=\"100\" data-mobi=\"60\" data-smobi=\"60\"><\/div>[vc_row_inner][vc_column_inner width=&#8221;1\/2&#8243;]\r\n\t<div class=\"bauer-spacer clearfix\" data-desktop=\"45\" data-mobi=\"0\" data-smobi=\"0\"><\/div><div class=\"bauer-single-heading clearfix \" style=\"margin-bottom:25px;\"><span class=\"inner\"><span class=\"heading clearfix \" style=\"font-weight:600;color:#cacaca;font-size:16px;\">\r\n\t\tPROFESYONEL ULUSLARARASI TA\u015eIMA H\u0130ZMET\u0130\r\n\t<\/span><\/span><\/div><h2 class=\"bauer-text clearfix \" style=\"font-size:42px;line-height:50px;margin-bottom:32px;\"><p><span class=\"font-weight-300\">Avrupa &amp; Asyan\u0131n Tamam\u0131na,<\/span> Komple &amp; Parsiyel Ta\u015f\u0131ma <span class=\"font-weight-300\">Hizmeti Sa\u011fl\u0131yoruz<\/span><\/p>\n<\/h2><div class=\"bauer-single-heading clearfix  has-line\" style=\"margin-bottom:22px;\"><span class=\"inner\"><span class=\"line accent\" style=\"width:12px;height:12px;top:9px;\"><\/span><span class=\"heading clearfix \" style=\"color:#414042;font-size:18px;padding-left:20px;\">\r\n\t\tBizi Tan\u0131y\u0131n\r\n\t<\/span><\/span><\/div><div class=\"bauer-text clearfix \" style=\"\"><p>Uzun y\u0131llara dayanan k\u00f6kl\u00fc ge\u00e7mi\u015fi ve bu s\u00fcre\u00e7te biriktirdi\u011fi deneyimleri ile T\u00fcrkiye\u2019nin ta\u015f\u0131mac\u0131l\u0131kalan\u0131ndaki d\u00fcnya markas\u0131 \u00d6zka Nakliyat m\u00fc\u015fterilerine, global gereksinimlerden yola \u00e7\u0131karak,yerel \u00e7\u00f6z\u00fcmler \u00fcretmektedir.<\/p>\n<p>Profesyonel kadrosu ciddi ve yenilik\u00e7i bir anlay\u0131\u015fla hizmet \u00fcretirken,\u00e7a\u011fda\u015f ileti\u015fim teknolojisinin t\u00fcm olanaklar\u0131n\u0131 da m\u00fc\u015fterilerine sunmaktad\u0131r.<\/p>\n<\/div>\r\n\t<div class=\"bauer-spacer clearfix\" data-desktop=\"42\" data-mobi=\"30\" data-smobi=\"30\"><\/div><div class=\"button-wrap icon-right\" style=\"\" ><a href=\"http:\/\/ozkatransport.com\/index.php\/about-us\/\" target=\"_self\" class=\"bauer-button btn-1024207808 medium no_icon accent\" style=\"border-radius:30px;\"  data-text=\"#ffffff\">\r\n\t\t<span style=\"\">Kurumsal <\/span>\r\n\t<\/a><\/div>\r\n\t<div class=\"bauer-spacer clearfix\" data-desktop=\"0\" data-mobi=\"45\" data-smobi=\"45\"><\/div>[\/vc_column_inner][vc_column_inner width=&#8221;1\/2&#8243;]<div class=\"bauer-images-carousel  arrow-center\" data-auto=\"false\" data-loop=\"false\" data-gap=\"0\" data-column=\"1\" data-column2=\"1\" data-column3=\"1\">\r\n        <div class=\"owl-carousel owl-theme\"><div class=\"item-wrap\"><img decoding=\"async\" src=\"https:\/\/ozkatransport.com\/wp-content\/uploads\/2023\/07\/img1-1-3.jpg\" alt=\"Image\"><\/div><\/div><\/div>[\/vc_column_inner][\/vc_row_inner]\r\n\t<div class=\"bauer-spacer clearfix\" data-desktop=\"100\" data-mobi=\"0\" data-smobi=\"0\"><\/div>[\/vc_column][\/vc_row][vc_row el_class=&#8221;has-scroll-arrow&#8221; css=&#8221;.vc_custom_1558769443428{background: #f7f9fa url(http:\/\/ninzio.com\/bauer\/wp-content\/uploads\/2019\/05\/fac-bg-1.png?id=8920) !important;background-position: center !important;background-repeat: no-repeat !important;background-size: cover !important;}&#8221;][vc_column]\r\n\t<div class=\"bauer-spacer clearfix\" data-desktop=\"94\" data-mobi=\"60\" data-smobi=\"60\"><\/div><div class=\"bauer-single-heading clearfix text-center\" style=\"margin-bottom:24px;\"><span class=\"inner\"><span class=\"heading clearfix \" style=\"font-weight:600;color:#777777;font-size:16px;\">\r\n\t\tHizmetlerimizi Ke\u015ffedin\r\n\t<\/span><\/span><\/div><h2 class=\"bauer-text clearfix text-center\" style=\"font-size:42px;line-height:50px;margin-bottom:30px;max-width:750px;margin-left: auto; margin-right: auto;\"><p><span class=\"font-weight-300\">Uluslararas\u0131 Ta\u015f\u0131mac\u0131l\u0131kta<\/span><br \/>\nG\u00fcvenilir Yard\u0131mc\u0131n\u0131z <span class=\"font-weight-300\"><\/span><\/p>\n<\/h2><div class=\"bauer-text clearfix text-center\" style=\"font-size:18px;line-height:30px;color:#777777;max-width:750px;margin-left: auto; margin-right: auto;\"><p>\u00d6zka Nakliyat m\u00fc\u015fterilerimize karayolu ta\u015f\u0131mac\u0131l\u0131\u011f\u0131nda komple ve parsiyel olarak hizmet vermekteyiz<\/p>\n<\/div>\r\n\t<div class=\"bauer-spacer clearfix\" data-desktop=\"70\" data-mobi=\"30\" data-smobi=\"30\"><\/div>[vc_row_inner][vc_column_inner width=&#8221;1\/3&#8243;]<div class=\"bauer-icon-box clearfix icon-top align-center hover-style-1 simple\" style=\"background-color:#ffffff;padding:34px 25px 27px;border-radius:5px;border:1px solid #e7e7e7;\" ><div class=\"hover\" style=\"border-radius:5px;background-color:#030f27;\"><\/div><div class=\"wrap-inner\" style=\"position: relative;\"><div class=\"bauer-icon icon-12505981 accent custom\"  data-background=\"\">\r\n\t\t\t\t<span class=\"icon\" style=\"font-size:50px;width:50px;height:50px;border-style:solid;line-height:50px;\"><i class=\"bauerico-container\"><\/i><\/span>\r\n\t\t\t<\/div> <h3 class=\"heading \" style=\"font-weight:400;font-size:22px;line-height:26px;margin-top:23px;margin-bottom:8px;\">\r\n\t\t\t<span>Komple<br \/>\nTa\u015f\u0131ma Hizmeti<\/span>\r\n\t\t<\/h3><div class=\"desc\" style=\"\"><p><span>Karayolu ta\u015f\u0131mac\u0131l\u0131\u011f\u0131<br \/>\nile siz de\u011ferli m\u00fc\u015fterilerimizin<br \/>\nyan\u0131nday\u0131z.<\/span><\/p>\n<\/div> <div class=\"hover\" style=\"border-radius:5px;background-color:#030f27;\"><\/div><\/div><\/div>\r\n\t<div class=\"bauer-spacer clearfix\" data-desktop=\"30\" data-mobi=\"30\" data-smobi=\"30\"><\/div>[\/vc_column_inner][vc_column_inner width=&#8221;1\/3&#8243;]<div class=\"bauer-icon-box clearfix icon-top align-center hover-style-1 simple\" style=\"background-color:#ffffff;padding:34px 25px 27px;border-radius:5px;border:1px solid #e7e7e7;\" ><div class=\"hover\" style=\"border-radius:5px;background-color:#030f27;\"><\/div><div class=\"wrap-inner\" style=\"position: relative;\"><div class=\"bauer-icon icon-215941668 accent custom\"  data-background=\"\">\r\n\t\t\t\t<span class=\"icon\" style=\"font-size:50px;width:50px;height:50px;border-style:solid;line-height:50px;\"><i class=\"bauerico-truck\"><\/i><\/span>\r\n\t\t\t<\/div> <h3 class=\"heading \" style=\"font-weight:400;font-size:22px;line-height:26px;margin-top:23px;margin-bottom:8px;\">\r\n\t\t\t<span>Parsiyel<br \/>\nTa\u015f\u0131ma Hizmeti<\/span>\r\n\t\t<\/h3><div class=\"desc\" style=\"\"><p><span>Parsiyel Ta\u015f\u0131ma Hizmeti \u0130le<br \/>\n\u0130htiya\u00e7lar\u0131n\u0131za y\u00f6nelik<br \/>\n\u00e7\u00f6z\u00fcmler sa\u011fl\u0131yoruz.<\/span><\/p>\n<\/div> <div class=\"hover\" style=\"border-radius:5px;background-color:#030f27;\"><\/div><\/div><\/div>\r\n\t<div class=\"bauer-spacer clearfix\" data-desktop=\"30\" data-mobi=\"30\" data-smobi=\"30\"><\/div>[\/vc_column_inner][vc_column_inner width=&#8221;1\/3&#8243;]<div class=\"bauer-icon-box clearfix icon-top align-center hover-style-1 simple\" style=\"background-color:#ffffff;padding:34px 25px 27px;border-radius:5px;border:1px solid #e7e7e7;\" ><div class=\"hover\" style=\"border-radius:5px;background-color:#030f27;\"><\/div><div class=\"wrap-inner\" style=\"position: relative;\"><div class=\"bauer-icon icon-255036539 accent custom\"  data-background=\"\">\r\n\t\t\t\t<span class=\"icon\" style=\"font-size:50px;width:50px;height:50px;border-style:solid;line-height:50px;\"><i class=\"bauerico-container\"><\/i><\/span>\r\n\t\t\t<\/div> <h3 class=\"heading \" style=\"font-weight:400;font-size:22px;line-height:26px;margin-top:23px;margin-bottom:8px;\">\r\n\t\t\t<span>A\u00e7\u0131k Y\u00fck<br \/>\nTa\u015f\u0131ma Hizmeti<\/span>\r\n\t\t<\/h3><div class=\"desc\" style=\"\"><p><span>A\u00e7\u0131k y\u00fck ta\u015f\u0131mac\u0131l\u0131\u011f\u0131nda<br \/>\nprofesyonel ekibimizle<br \/>\nhizmet sa\u011fl\u0131yoruz.<\/span><\/p>\n<\/div> <div class=\"hover\" style=\"border-radius:5px;background-color:#030f27;\"><\/div><\/div><\/div>\r\n\t<div class=\"bauer-spacer clearfix\" data-desktop=\"30\" data-mobi=\"30\" data-smobi=\"30\"><\/div>[\/vc_column_inner][\/vc_row_inner]\r\n\t<div class=\"bauer-spacer clearfix\" data-desktop=\"100\" data-mobi=\"60\" data-smobi=\"60\"><\/div>[\/vc_column][\/vc_row]<\/p>\n","protected":false},"excerpt":{"rendered":"<p>[vc_row][vc_column][rev_slider_vc alias=&#8221;slider-6&#8243;][\/vc_column][\/vc_row][vc_row css=&#8221;.vc_custom_1557802417323{background-image: url(http:\/\/ninzio.com\/bauer\/wp-content\/uploads\/2019\/05\/section-about.png?id=8046) !important;background-position: center !important;background-repeat: no-repeat !important;background-size: cover !important;}&#8221;][vc_column][vc_row_inner column_inner_spacing=&#8221;0px&#8221;][vc_column_inner width=&#8221;1\/3&#8243;][\/vc_column_inner][vc_column_inner width=&#8221;1\/3&#8243;][\/vc_column_inner][vc_column_inner width=&#8221;1\/3&#8243;][\/vc_column_inner][\/vc_row_inner][vc_row_inner][vc_column_inner width=&#8221;1\/2&#8243;][\/vc_column_inner][vc_column_inner width=&#8221;1\/2&#8243;][\/vc_column_inner][\/vc_row_inner][\/vc_column][\/vc_row][vc_row el_class=&#8221;has-scroll-arrow&#8221; css=&#8221;.vc_custom_1558769443428{background: #f7f9fa url(http:\/\/ninzio.com\/bauer\/wp-content\/uploads\/2019\/05\/fac-bg-1.png?id=8920) !important;background-position: center !important;background-repeat: no-repeat !important;background-size: cover !important;}&#8221;][vc_column][vc_row_inner][vc_column_inner width=&#8221;1\/3&#8243;][\/vc_column_inner][vc_column_inner width=&#8221;1\/3&#8243;][\/vc_column_inner][vc_column_inner width=&#8221;1\/3&#8243;][\/vc_column_inner][\/vc_row_inner][\/vc_column][\/vc_row]<\/p>\n","protected":false},"author":1,"featured_media":0,"parent":0,"menu_order":0,"comment_status":"closed","ping_status":"closed","template":"","meta":{"footnotes":""},"class_list":["post-8188","page","type-page","status-publish","hentry"],"_links":{"self":[{"href":"https:\/\/ozkatransport.com\/index.php\/wp-json\/wp\/v2\/pages\/8188","targetHints":{"allow":["GET"]}}],"collection":[{"href":"https:\/\/ozkatransport.com\/index.php\/wp-json\/wp\/v2\/pages"}],"about":[{"href":"https:\/\/ozkatransport.com\/index.php\/wp-json\/wp\/v2\/types\/page"}],"author":[{"embeddable":true,"href":"https:\/\/ozkatransport.com\/index.php\/wp-json\/wp\/v2\/users\/1"}],"replies":[{"embeddable":true,"href":"https:\/\/ozkatransport.com\/index.php\/wp-json\/wp\/v2\/comments?post=8188"}],"version-history":[{"count":26,"href":"https:\/\/ozkatransport.com\/index.php\/wp-json\/wp\/v2\/pages\/8188\/revisions"}],"predecessor-version":[{"id":9360,"href":"https:\/\/ozkatransport.com\/index.php\/wp-json\/wp\/v2\/pages\/8188\/revisions\/9360"}],"wp:attachment":[{"href":"https:\/\/ozkatransport.com\/index.php\/wp-json\/wp\/v2\/media?parent=8188"}],"curies":[{"name":"wp","href":"https:\/\/api.w.org\/{rel}","templated":true}]}}